+ l - 18 = 0. Let q(c) = -2*c + 4. Let f be q(z). Calculate the highest common divisor of 10 and f.
10
Suppose -11*o + 6 = -10*o. Let f be (o + 2)/(8/84). What is the highest common factor of f and 12?
12
Let b(y) = y**3 + 18*y**2 + 10*y + 16. Let r be b(-17). What is the greatest common divisor of 15 and r?
15
Let r = 62 - 28. What is the highest common divisor of 102 and r?
34
Suppose -3*w + 6 = -2*w. Suppose -3*c + w*c - 24 = 0. Suppose -3*m = -m - c. Calculate the highest common divisor of 4 and m.
4
Suppose 5*i + 13 = 353. Suppose -i = -5*w + 27. Let z = 156 + -61. Calculate the greatest common factor of z and w.
19
Suppose 0 = 2*w - 4*w + 8. Let q be 34 - 3*w/6. Suppose -8*d - 12 = -140. What is the greatest common divisor of d and q?
16
Let s be (2/6 + 0)*6. Suppose 0 = 2*m + 3 - 47. Calculate the greatest common divisor of m and s.
2
Let x(i) = 6*i + 21. Let o be x(9). What is the highest common divisor of 30 and o?
15
Let d be 4/14 - 960/(-21). Let j be 2/6*(d + -1). Calculate the greatest common factor of 60 and j.
15
Let y = 24 + -16. Suppose 0 = -3*g + 6*g - 6. Suppose 3*c - 11 + g = 3*a, c - 8 = -4*a. What is the highest common divisor of y and c?
4
Let n be ((-6)/(-4))/((-9)/12). Let i be 0 - -7*n/(-2). Let r = -3 - -10. What is the highest common factor of i and r?
7
Let f(k) = k - 4*k - 8 - 9*k. Let q be f(-6). What is the greatest common divisor of 8 and q?
8
Suppose -8 = 3*f + 5*k, -13 = 5*f - 5*k - 53. Let d = -13 - -21. Calculate the greatest common divisor of f and d.
4
Suppose 3*v + 2*v = -5510. Let d = v + 566. Let b be (-8)/(-12) + d/(-6). What is the greatest common factor of b and 10?
10
Let g = -35 + 60. What is the highest common factor of 225 and g?
25
Suppose -5*p = 24 - 9. Let o be (15/4)/(p/(-8)). Let s(j) = -j**3 + 8*j**2 - 4*j + 2. Let k be s(6). What is the greatest common factor of o and k?
10
Suppose 4*o - 13*o + 108 = 0. Calculate the greatest common factor of o and 180.
12
Let j(v) = -2*v - 8 - 13 + 7*v. Let k be j(9). Calculate the greatest common factor of 48 and k.
24
Suppose 2*a - 320 = -0*a. What is the greatest common factor of a and 16?
16
Let v(d) = -d**2 - 10*d - 16. Let a be v(-7). What is the highest common divisor of a and 35?
5
Let j be (3 + 2)*(-8)/(-10). Suppose j*b = 107 + 97. Let r(v) = 6*v - 1. Let i be r(3). What is the greatest common factor of i and b?
17
Suppose 0*c + 5*c = 0. Suppose c = 4*q - 85 + 25. What is the highest common divisor of q and 15?
15
Let o = 25 - 4. Let j = 34 - o. What is the greatest common factor of 104 and j?
13
Suppose -n = 5*t - 104, -5*t - 2*n = -t - 88. Let q(v) = 6*v**2 - 4. Let r be q(-3). Calculate the highest common divisor of t and r.
10
Let i = 7 - 0. What is the greatest common divisor of i and 21?
7
Let c = -25 - -28. Let m = c + -2. Calculate the highest common factor of m and 9.
1
Let l be -12*(-2 + 1 - 0). Calculate the greatest common factor of 108 and l.
12
Suppose 3*u + 0 + 2 = 4*f, 2 = 5*u - 4*f. Let h be -2 + (u - (0 - 2)). What is the highest common factor of 14 and h?
2
Suppose 3*j - 6*j = 0. Suppose u - 15 - 10 = j. Calculate the highest common divisor of 250 and u.
25
Let f(m) = m**3 + 4*m**2 - 2*m - 6. Let x be f(-4). Let j = -21 - -11. Let o = j - -26. What is the highest common divisor of x and o?
2
Suppose 8 = -4*m + 16. Suppose n - m*n = -1. Let b be (-2)/5 - (-54)/10. Calculate the greatest common factor of n and b.
1
Suppose -4*j + 1745 - 17 = 0. Suppose -3*o + j = 3*i - 0*i, -i = -o + 150. Suppose -8*x - 105 = -13*x. Calculate the highest common divisor of o and x.
21
Suppose -12*m = -2*m - 700. What is the greatest common factor of 14 and m?
14
Suppose 0 = -5*c - 15, -5*c = 4*n - 0*c + 63. Let z be -3*(1 + 172/n). Calculate the highest common factor of 100 and z.
20
Let d be (0 + -1 - -2) + 1. Let x(r) = -21 + 5 + 83*r - 80*r. Let h be x(7). Calculate the highest common divisor of h and d.
1
Suppose -4*n + 23 = -3*n. Let o = n - 16. Let y(a) = a**3 + 7*a**2 + 8*a + 4. Let q be y(-5). What is the greatest common divisor of q and o?
7
Suppose 4*d = p + 338, -5*p = 3*d - 4*d + 75. Suppose -3*l + 355 = d. Calculate the highest common divisor of l and 36.
18
Let v(u) = u**3 + 10*u**2 - 5*u + 4. Let t be v(-10). Let j = -40 - -58. Calculate the highest common factor of j and t.
18
Let b(s) = s**2 + 16 - 24*s**3 + 9*s**3 - s + 16*s**3. Let j be b(0). What is the greatest common divisor of 40 and j?
8
Let u(p) = 2*p**2 + 15*p + 10. Let f be u(-11). Calculate the highest common factor of 29 and f.
29
Let z = 36 - 26. Suppose -3*p + 3*c + 230 = -34, 2*c + 86 = p. Calculate the greatest common divisor of p and z.
10
Suppose 4*l = 5*l + 39. Let n be ((-26)/l)/((-1)/(-72)). What is the highest common factor of n and 6?
6
Let i(l) = l**3 - 12*l**2 + 13*l + 11. Let a be i(11). Calculate the greatest common factor of 99 and a.
33
Let t be (-215)/3 + (-10)/(-15). Let u = 152 + t. Calculate the greatest common factor of u and 27.
27
Let o(u) = u**3 + 18*u**2 - 39*u + 23. Let a be o(-20). What is the greatest common divisor of a and 21?
3
Let b = -8 + 10. Suppose -3*o + o = b*v - 352, -5*o = -5*v - 850. Let p = 382 - o. What is the highest common factor of p and 19?
19
Let l(n) = n**2 + 10*n - 19. Let f be l(-17). Suppose -2*d + f = -134. Suppose 2*o = -17 + 43. What is the highest common factor of d and o?
13
Suppose u - 12 = -0. Let s = 6 + 4. Suppose s*k = 5*k + 60. What is the highest common factor of k and u?
12
Suppose 24 = -5*c + 64. What is the greatest common factor of c and 1?
1
Suppose 3*h - 7*h + 312 = 0. What is the greatest common factor of 6 and h?
6
Let c(b) = b + 7. Let o be c(-4). What is the greatest common divisor of 24 and o?
3
Let d = -2 - 4. Let t be (33/d)/((-4)/8). Calculate the highest common factor of t and 11.
11
Let r(b) = b**3 - 9*b**2 - 32*b - 6. Let u be r(12). Suppose 0*o + 3*o - 42 = 0. What is the greatest common divisor of o and u?
14
Let i(t) = 3*t**2 - t - 2. Let c be i(-3). What is the greatest common divisor of 252 and c?
28
Suppose -3 = -5*q + 7. Suppose 4*y - 3 = 17, 0 = -5*a - q*y + 25. Calculate the highest common divisor of 6 and a.
3
Suppose w = 6*w - 10. Let o(f) = 6 + f**w + 0*f**2 + 6*f + f**2. Let v be o(-4). Calculate the highest common factor of 14 and v.
14
Let f = -33 - 142. Let c = 113 + f. Let s be (-2 - -1) + (2 - c). Calculate the greatest common divisor of s and 9.
9
Suppose -3*k + 11 + 40 = 0. Let v = k + -4. Let a(j) = -2*j - 3. Let p be a(-8). Calculate the greatest common factor of v and p.
13
Suppose -65 = -4*u + 63. Let h be (-63)/(-4) - (-5)/20. Calculate the greatest common factor of u and h.
16
Suppose -8 - 76 = -3*v. Let s = -132 - -244. Calculate the greatest common divisor of v and s.
28
Suppose f - 3 = -0. Let j = 15 - f. Suppose 0 = 3*m - y - 12, 3*y - 4*y = -4*m + 16. What is the highest common factor of m and j?
4
Suppose 2*i = -5*y - 0*y + 11, -i + 4 = y. Calculate the greatest common divisor of y and 2.
1
Suppose x + 0*x = -5*k + 122, -x = -4*k + 94. What is the highest common divisor of 8 and k?
8
Let i = -28 - -30. Calculate the highest common factor of 16 and i.
2
Let j(l) = -3*l**3 + l**2 + l + 2. Let w be j(-2). Let s(o) = -15*o - 33. Let g be s(-19). Calculate the highest common divisor of w and g.
28
Let q(g) be the first derivative of -g**2/2 - 6*g - 1. Let h be q(-5). Let l be h*1 + 16 + -3. Calculate the highest common factor of l and 8.
4
Let b be -3*(-2)/3 - -11. Let h = b - 5. Suppose -k = -h*y + 4*y, 2*y - k = -2. Calculate the greatest common divisor of y and 3.
1
Let o be -3 + (-3)/(-3) + 506. Let v be (5 - 0)*o/35. Calculate the greatest common factor of v and 9.
9
Suppose 4*r + 2*f - 20 = -2*f, 3 = f. Let b = 14 - 10. Suppose -5*z = -m - 14, -r = -b*m - z + 5. What is the greatest common divisor of m and 3?
1
Suppose -13*o = -15*o + 270. What is the greatest common factor of o and 54?
27
Suppose n - 2*w = 5*n - 30, -5*n + 42 = -2*w. Suppose -3*y + n = -2*y. What is the greatest common divisor of 12 and y?
4
Let g(v) = -v**3 + 3*v**2 + 5*v - 2. Suppose -4*x + 8 + 4 = 0. Let n be g(x). What is the greatest common factor of n and 13?
13
Let j be 2*-6*30/(-5). What is the highest common factor of 16 and j?
8
Suppose 3*y - 87 = 3*o, -y = -4*y + 5*o + 93